{"id":3,"date":"2023-04-15T19:19:31","date_gmt":"2023-04-15T19:19:31","guid":{"rendered":"https:\/\/furka-arch.ch\/?page_id=3"},"modified":"2025-06-18T09:17:04","modified_gmt":"2025-06-18T09:17:04","slug":"privacy-policy","status":"publish","type":"page","link":"https:\/\/furka-arch.ch\/?page_id=3","title":{"rendered":"Impressum"},"content":{"rendered":"\n<h2 class=\"wp-block-heading has-black-color has-text-color has-link-color wp-elements-11bcc226150221daac529e359507389b\">Impressum<\/h2>\n\n\n\n<h4 class=\"wp-block-heading\">Verantwortlich f\u00fcr den Inhalt<\/h4>\n\n\n\n<p>FURKA Architektur GmbH<\/p>\n\n\n\n<p><\/p>\n\n\n\n<h4 class=\"wp-block-heading\">Fotos<\/h4>\n\n\n\n<p>FURKA Architektur GmbH<\/p>\n\n\n\n<h4 class=\"wp-block-heading\">Haftungsausschluss<\/h4>\n\n\n\n<p>Alle auf dieser Website ver\u00f6ffentlichten Informationen wurden sorgf\u00e4ltig auf ihre Richtigkeit gepr\u00fcft. Fehler k\u00f6nnen jedoch trotz aller Sorgfalt nicht g\u00e4nzlich ausgeschlossen werden. Eine Haftung f\u00fcr auf dieser Website ver\u00f6ffentlichte Inhalte kann nicht \u00fcbernommen werden.&nbsp;Wir schliessen uneingeschr\u00e4nkt jede Haftung f\u00fcr Verluste bzw. Sch\u00e4den irgendwelcher Art aus, sei es f\u00fcr direkte, indirekte oder Folgesch\u00e4den, die sich aus der Ben\u00fctzung der bzw. des Zugriffs auf unsere Website ergeben sollten. Gleiches gilt f\u00fcr Inhalte bzw. Websites Dritter, zu denen durch Verlinkung lediglich eine Verkn\u00fcpfung hergestellt wird. FURKA Architektur GmbH macht sich den jeweiligen Inhalt nicht zu Eigen. Zudem lehnen wir jede Haftung f\u00fcr Manipulationen am EDV-System des Internet-Benutzers durch Unbefugte ab.<\/p>\n\n\n\n<h4 class=\"wp-block-heading\">Datenschutz<\/h4>\n\n\n\n<p>Hier finden Sie unsere <a href=\"https:\/\/furka-arch.ch\/?page_id=1416\"><strong>Datenschutzerkl\u00e4rung<\/strong><\/a>.<\/p>\n\n\n\n<h4 class=\"wp-block-heading\">Copyright<\/h4>\n\n\n\n<p>Alle Inhalte wie Konzepte, Texte, Gestaltungselemente, Grafiken, Pl\u00e4ne, Modelle und Bilder sind urheberrechtlich gesch\u00fctzt und geistiges Eigentum von FURKA Architektur GmbH und\/oder den jeweiligen Autoren, Fotografen oder sonstigen Inhabern der jeweiligen Rechte. Jede Verwendung und Verwertung ausserhalb der durch das Urheberrecht festgelegten Grenzen ohne Zustimmung von FURKA Architektur GmbH ist unzul\u00e4ssig. Die im Text oder bildlich zitierten Werke Dritter wie Bauten, Filme, literarische oder bildende Kunstwerke dienen der Veranschaulichung und Illustration unserer Arbeitsweise und Inspiration. Die entsprechenden Rechte liegen bei den jeweiligen Autoren und sonstigen Rechteinhabern. FURKA Architektur GmbH macht sich die jeweiligen Inhalte und Abbildungen nicht zu Eigen.<\/p>\n\n\n\n<p><\/p>\n","protected":false},"excerpt":{"rendered":"<p>Impressum Verantwortlich f\u00fcr den Inhalt FURKA Architektur GmbH Fotos FURKA Architektur GmbH Haftungsausschluss Alle auf dieser Website ver\u00f6ffentlichten Informationen wurden sorgf\u00e4ltig auf ihre Richtigkeit gepr\u00fcft. Fehler k\u00f6nnen jedoch trotz aller Sorgfalt nicht g\u00e4nzlich ausgeschlossen werden. Eine Haftung f\u00fcr auf dieser Website ver\u00f6ffentlichte Inhalte kann nicht \u00fcbernommen werden.&nbsp;Wir schliessen uneingeschr\u00e4nkt jede Haftung f\u00fcr Verluste bzw. Sch\u00e4den [&hellip;]<\/p>\n","protected":false},"author":1,"featured_media":0,"parent":0,"menu_order":0,"comment_status":"closed","ping_status":"open","template":"","meta":{"footnotes":""},"class_list":["post-3","page","type-page","status-publish","hentry"],"yoast_head":"<!-- This site is optimized with the Yoast SEO plugin v27.5 - https:\/\/yoast.com\/product\/yoast-seo-wordpress\/ -->\n<title>Impressum - FURKA Architektur GmbH<\/title>\n<meta name=\"robots\" content=\"index, follow, max-snippet:-1, max-image-preview:large, max-video-preview:-1\" \/>\n<link rel=\"canonical\" href=\"https:\/\/furka-arch.ch\/?page_id=3\" \/>\n<meta property=\"og:locale\" content=\"de_DE\" \/>\n<meta property=\"og:type\" content=\"article\" \/>\n<meta property=\"og:title\" content=\"Impressum - FURKA Architektur GmbH\" \/>\n<meta property=\"og:description\" content=\"Impressum Verantwortlich f\u00fcr den Inhalt FURKA Architektur GmbH Fotos FURKA Architektur GmbH Haftungsausschluss Alle auf dieser Website ver\u00f6ffentlichten Informationen wurden sorgf\u00e4ltig auf ihre Richtigkeit gepr\u00fcft. Fehler k\u00f6nnen jedoch trotz aller Sorgfalt nicht g\u00e4nzlich ausgeschlossen werden. Eine Haftung f\u00fcr auf dieser Website ver\u00f6ffentlichte Inhalte kann nicht \u00fcbernommen werden.&nbsp;Wir schliessen uneingeschr\u00e4nkt jede Haftung f\u00fcr Verluste bzw. Sch\u00e4den [&hellip;]\" \/>\n<meta property=\"og:url\" content=\"https:\/\/furka-arch.ch\/?page_id=3\" \/>\n<meta property=\"og:site_name\" content=\"FURKA Architektur GmbH\" \/>\n<meta property=\"article:modified_time\" content=\"2025-06-18T09:17:04+00:00\" \/>\n<meta property=\"og:image\" content=\"https:\/\/furka-arch.ch\/wp-content\/uploads\/2023\/04\/Furkapass-e1682061543211.jpg?v=1682060959\" \/>\n\t<meta property=\"og:image:width\" content=\"1365\" \/>\n\t<meta property=\"og:image:height\" content=\"1365\" \/>\n\t<meta property=\"og:image:type\" content=\"image\/jpeg\" \/>\n<meta name=\"twitter:card\" content=\"summary_large_image\" \/>\n<meta name=\"twitter:label1\" content=\"Gesch\u00e4tzte Lesezeit\" \/>\n\t<meta name=\"twitter:data1\" content=\"2\u00a0Minuten\" \/>\n<script type=\"application\/ld+json\" class=\"yoast-schema-graph\">{\"@context\":\"https:\\\/\\\/schema.org\",\"@graph\":[{\"@type\":\"WebPage\",\"@id\":\"https:\\\/\\\/furka-arch.ch\\\/?page_id=3\",\"url\":\"https:\\\/\\\/furka-arch.ch\\\/?page_id=3\",\"name\":\"Impressum - FURKA Architektur GmbH\",\"isPartOf\":{\"@id\":\"https:\\\/\\\/furka-arch.ch\\\/#website\"},\"datePublished\":\"2023-04-15T19:19:31+00:00\",\"dateModified\":\"2025-06-18T09:17:04+00:00\",\"breadcrumb\":{\"@id\":\"https:\\\/\\\/furka-arch.ch\\\/?page_id=3#breadcrumb\"},\"inLanguage\":\"de\",\"potentialAction\":[{\"@type\":\"ReadAction\",\"target\":[\"https:\\\/\\\/furka-arch.ch\\\/?page_id=3\"]}]},{\"@type\":\"BreadcrumbList\",\"@id\":\"https:\\\/\\\/furka-arch.ch\\\/?page_id=3#breadcrumb\",\"itemListElement\":[{\"@type\":\"ListItem\",\"position\":1,\"name\":\"Startseite\",\"item\":\"https:\\\/\\\/furka-arch.ch\\\/\"},{\"@type\":\"ListItem\",\"position\":2,\"name\":\"Impressum\"}]},{\"@type\":\"WebSite\",\"@id\":\"https:\\\/\\\/furka-arch.ch\\\/#website\",\"url\":\"https:\\\/\\\/furka-arch.ch\\\/\",\"name\":\"FURKA Architektur GmbH\",\"description\":\"Architekturb\u00fcro in Basel\",\"publisher\":{\"@id\":\"https:\\\/\\\/furka-arch.ch\\\/#organization\"},\"potentialAction\":[{\"@type\":\"SearchAction\",\"target\":{\"@type\":\"EntryPoint\",\"urlTemplate\":\"https:\\\/\\\/furka-arch.ch\\\/?s={search_term_string}\"},\"query-input\":{\"@type\":\"PropertyValueSpecification\",\"valueRequired\":true,\"valueName\":\"search_term_string\"}}],\"inLanguage\":\"de\"},{\"@type\":\"Organization\",\"@id\":\"https:\\\/\\\/furka-arch.ch\\\/#organization\",\"name\":\"FURKA Architektur GmbH\",\"url\":\"https:\\\/\\\/furka-arch.ch\\\/\",\"logo\":{\"@type\":\"ImageObject\",\"inLanguage\":\"de\",\"@id\":\"https:\\\/\\\/furka-arch.ch\\\/#\\\/schema\\\/logo\\\/image\\\/\",\"url\":\"https:\\\/\\\/furka-arch.ch\\\/wp-content\\\/uploads\\\/2025\\\/06\\\/Logo-FURKA-gross-weiss-Tessin.jpg?v=1750237938\",\"contentUrl\":\"https:\\\/\\\/furka-arch.ch\\\/wp-content\\\/uploads\\\/2025\\\/06\\\/Logo-FURKA-gross-weiss-Tessin.jpg?v=1750237938\",\"width\":1000,\"height\":1000,\"caption\":\"FURKA Architektur GmbH\"},\"image\":{\"@id\":\"https:\\\/\\\/furka-arch.ch\\\/#\\\/schema\\\/logo\\\/image\\\/\"}}]}<\/script>\n<!-- \/ Yoast SEO plugin. -->","yoast_head_json":{"title":"Impressum - FURKA Architektur GmbH","robots":{"index":"index","follow":"follow","max-snippet":"max-snippet:-1","max-image-preview":"max-image-preview:large","max-video-preview":"max-video-preview:-1"},"canonical":"https:\/\/furka-arch.ch\/?page_id=3","og_locale":"de_DE","og_type":"article","og_title":"Impressum - FURKA Architektur GmbH","og_description":"Impressum Verantwortlich f\u00fcr den Inhalt FURKA Architektur GmbH Fotos FURKA Architektur GmbH Haftungsausschluss Alle auf dieser Website ver\u00f6ffentlichten Informationen wurden sorgf\u00e4ltig auf ihre Richtigkeit gepr\u00fcft. Fehler k\u00f6nnen jedoch trotz aller Sorgfalt nicht g\u00e4nzlich ausgeschlossen werden. Eine Haftung f\u00fcr auf dieser Website ver\u00f6ffentlichte Inhalte kann nicht \u00fcbernommen werden.&nbsp;Wir schliessen uneingeschr\u00e4nkt jede Haftung f\u00fcr Verluste bzw. Sch\u00e4den [&hellip;]","og_url":"https:\/\/furka-arch.ch\/?page_id=3","og_site_name":"FURKA Architektur GmbH","article_modified_time":"2025-06-18T09:17:04+00:00","og_image":[{"width":1365,"height":1365,"url":"https:\/\/furka-arch.ch\/wp-content\/uploads\/2023\/04\/Furkapass-e1682061543211.jpg?v=1682060959","type":"image\/jpeg"}],"twitter_card":"summary_large_image","twitter_misc":{"Gesch\u00e4tzte Lesezeit":"2\u00a0Minuten"},"schema":{"@context":"https:\/\/schema.org","@graph":[{"@type":"WebPage","@id":"https:\/\/furka-arch.ch\/?page_id=3","url":"https:\/\/furka-arch.ch\/?page_id=3","name":"Impressum - FURKA Architektur GmbH","isPartOf":{"@id":"https:\/\/furka-arch.ch\/#website"},"datePublished":"2023-04-15T19:19:31+00:00","dateModified":"2025-06-18T09:17:04+00:00","breadcrumb":{"@id":"https:\/\/furka-arch.ch\/?page_id=3#breadcrumb"},"inLanguage":"de","potentialAction":[{"@type":"ReadAction","target":["https:\/\/furka-arch.ch\/?page_id=3"]}]},{"@type":"BreadcrumbList","@id":"https:\/\/furka-arch.ch\/?page_id=3#breadcrumb","itemListElement":[{"@type":"ListItem","position":1,"name":"Startseite","item":"https:\/\/furka-arch.ch\/"},{"@type":"ListItem","position":2,"name":"Impressum"}]},{"@type":"WebSite","@id":"https:\/\/furka-arch.ch\/#website","url":"https:\/\/furka-arch.ch\/","name":"FURKA Architektur GmbH","description":"Architekturb\u00fcro in Basel","publisher":{"@id":"https:\/\/furka-arch.ch\/#organization"},"potentialAction":[{"@type":"SearchAction","target":{"@type":"EntryPoint","urlTemplate":"https:\/\/furka-arch.ch\/?s={search_term_string}"},"query-input":{"@type":"PropertyValueSpecification","valueRequired":true,"valueName":"search_term_string"}}],"inLanguage":"de"},{"@type":"Organization","@id":"https:\/\/furka-arch.ch\/#organization","name":"FURKA Architektur GmbH","url":"https:\/\/furka-arch.ch\/","logo":{"@type":"ImageObject","inLanguage":"de","@id":"https:\/\/furka-arch.ch\/#\/schema\/logo\/image\/","url":"https:\/\/furka-arch.ch\/wp-content\/uploads\/2025\/06\/Logo-FURKA-gross-weiss-Tessin.jpg?v=1750237938","contentUrl":"https:\/\/furka-arch.ch\/wp-content\/uploads\/2025\/06\/Logo-FURKA-gross-weiss-Tessin.jpg?v=1750237938","width":1000,"height":1000,"caption":"FURKA Architektur GmbH"},"image":{"@id":"https:\/\/furka-arch.ch\/#\/schema\/logo\/image\/"}}]}},"_links":{"self":[{"href":"https:\/\/furka-arch.ch\/index.php?rest_route=\/wp\/v2\/pages\/3","targetHints":{"allow":["GET"]}}],"collection":[{"href":"https:\/\/furka-arch.ch\/index.php?rest_route=\/wp\/v2\/pages"}],"about":[{"href":"https:\/\/furka-arch.ch\/index.php?rest_route=\/wp\/v2\/types\/page"}],"author":[{"embeddable":true,"href":"https:\/\/furka-arch.ch\/index.php?rest_route=\/wp\/v2\/users\/1"}],"replies":[{"embeddable":true,"href":"https:\/\/furka-arch.ch\/index.php?rest_route=%2Fwp%2Fv2%2Fcomments&post=3"}],"version-history":[{"count":10,"href":"https:\/\/furka-arch.ch\/index.php?rest_route=\/wp\/v2\/pages\/3\/revisions"}],"predecessor-version":[{"id":1555,"href":"https:\/\/furka-arch.ch\/index.php?rest_route=\/wp\/v2\/pages\/3\/revisions\/1555"}],"wp:attachment":[{"href":"https:\/\/furka-arch.ch\/index.php?rest_route=%2Fwp%2Fv2%2Fmedia&parent=3"}],"curies":[{"name":"wp","href":"https:\/\/api.w.org\/{rel}","templated":true}]}}

<h2 class="wp-block-heading has-black-color has-text-color has-link-color wp-elements-11bcc226150221daac529e359507389b">Impressum</h2>



<h4 class="wp-block-heading">Verantwortlich für den Inhalt</h4>



<p>FURKA Architektur GmbH</p>



<p></p>



<h4 class="wp-block-heading">Fotos</h4>



<p>FURKA Architektur GmbH</p>



<h4 class="wp-block-heading">Haftungsausschluss</h4>



<p>Alle auf dieser Website veröffentlichten Informationen wurden sorgfältig auf ihre Richtigkeit geprüft. Fehler können jedoch trotz aller Sorgfalt nicht gänzlich ausgeschlossen werden. Eine Haftung für auf dieser Website veröffentlichte Inhalte kann nicht übernommen werden.&nbsp;Wir schliessen uneingeschränkt jede Haftung für Verluste bzw. Schäden irgendwelcher Art aus, sei es für direkte, indirekte oder Folgeschäden, die sich aus der Benützung der bzw. des Zugriffs auf unsere Website ergeben sollten. Gleiches gilt für Inhalte bzw. Websites Dritter, zu denen durch Verlinkung lediglich eine Verknüpfung hergestellt wird. FURKA Architektur GmbH macht sich den jeweiligen Inhalt nicht zu Eigen. Zudem lehnen wir jede Haftung für Manipulationen am EDV-System des Internet-Benutzers durch Unbefugte ab.</p>



<h4 class="wp-block-heading">Datenschutz</h4>



<p>Hier finden Sie unsere <a href="https://furka-arch.ch/?page_id=1416"><strong>Datenschutzerklärung</strong></a>.</p>



<h4 class="wp-block-heading">Copyright</h4>



<p>Alle Inhalte wie Konzepte, Texte, Gestaltungselemente, Grafiken, Pläne, Modelle und Bilder sind urheberrechtlich geschützt und geistiges Eigentum von FURKA Architektur GmbH und/oder den jeweiligen Autoren, Fotografen oder sonstigen Inhabern der jeweiligen Rechte. Jede Verwendung und Verwertung ausserhalb der durch das Urheberrecht festgelegten Grenzen ohne Zustimmung von FURKA Architektur GmbH ist unzulässig. Die im Text oder bildlich zitierten Werke Dritter wie Bauten, Filme, literarische oder bildende Kunstwerke dienen der Veranschaulichung und Illustration unserer Arbeitsweise und Inspiration. Die entsprechenden Rechte liegen bei den jeweiligen Autoren und sonstigen Rechteinhabern. FURKA Architektur GmbH macht sich die jeweiligen Inhalte und Abbildungen nicht zu Eigen.</p>



<p></p>

<p>Impressum Verantwortlich für den Inhalt FURKA Architektur GmbH Fotos FURKA Architektur GmbH Haftungsausschluss Alle auf dieser Website veröffentlichten Informationen wurden sorgfältig auf ihre Richtigkeit geprüft. Fehler können jedoch trotz aller Sorgfalt nicht gänzlich ausgeschlossen werden. Eine Haftung für auf dieser Website veröffentlichte Inhalte kann nicht übernommen werden.&nbsp;Wir schliessen uneingeschränkt jede Haftung für Verluste bzw. Schäden [&hellip;]</p>

<!-- This site is optimized with the Yoast SEO plugin v27.5 - https://yoast.com/product/yoast-seo-wordpress/ -->
<title>Impressum - FURKA Architektur GmbH</title>
<meta name="robots" content="index, follow, max-snippet:-1, max-image-preview:large, max-video-preview:-1" />
<link rel="canonical" href="https://furka-arch.ch/?page_id=3" />
<meta property="og:locale" content="de_DE" />
<meta property="og:type" content="article" />
<meta property="og:title" content="Impressum - FURKA Architektur GmbH" />
<meta property="og:description" content="Impressum Verantwortlich für den Inhalt FURKA Architektur GmbH Fotos FURKA Architektur GmbH Haftungsausschluss Alle auf dieser Website veröffentlichten Informationen wurden sorgfältig auf ihre Richtigkeit geprüft. Fehler können jedoch trotz aller Sorgfalt nicht gänzlich ausgeschlossen werden. Eine Haftung für auf dieser Website veröffentlichte Inhalte kann nicht übernommen werden.&nbsp;Wir schliessen uneingeschränkt jede Haftung für Verluste bzw. Schäden [&hellip;]" />
<meta property="og:url" content="https://furka-arch.ch/?page_id=3" />
<meta property="og:site_name" content="FURKA Architektur GmbH" />
<meta property="article:modified_time" content="2025-06-18T09:17:04+00:00" />
<meta property="og:image" content="https://furka-arch.ch/wp-content/uploads/2023/04/Furkapass-e1682061543211.jpg?v=1682060959" />
	<meta property="og:image:width" content="1365" />
	<meta property="og:image:height" content="1365" />
	<meta property="og:image:type" content="image/jpeg" />
<meta name="twitter:card" content="summary_large_image" />
<meta name="twitter:label1" content="Geschätzte Lesezeit" />
	<meta name="twitter:data1" content="2 Minuten" />
<script type="application/ld+json" class="yoast-schema-graph">{"@context":"https:\/\/schema.org","@graph":[{"@type":"WebPage","@id":"https:\/\/furka-arch.ch\/?page_id=3","url":"https:\/\/furka-arch.ch\/?page_id=3","name":"Impressum - FURKA Architektur GmbH","isPartOf":{"@id":"https:\/\/furka-arch.ch\/#website"},"datePublished":"2023-04-15T19:19:31+00:00","dateModified":"2025-06-18T09:17:04+00:00","breadcrumb":{"@id":"https:\/\/furka-arch.ch\/?page_id=3#breadcrumb"},"inLanguage":"de","potentialAction":[{"@type":"ReadAction","target":["https:\/\/furka-arch.ch\/?page_id=3"]}]},{"@type":"BreadcrumbList","@id":"https:\/\/furka-arch.ch\/?page_id=3#breadcrumb","itemListElement":[{"@type":"ListItem","position":1,"name":"Startseite","item":"https:\/\/furka-arch.ch\/"},{"@type":"ListItem","position":2,"name":"Impressum"}]},{"@type":"WebSite","@id":"https:\/\/furka-arch.ch\/#website","url":"https:\/\/furka-arch.ch\/","name":"FURKA Architektur GmbH","description":"Architekturbüro in Basel","publisher":{"@id":"https:\/\/furka-arch.ch\/#organization"},"potentialAction":[{"@type":"SearchAction","target":{"@type":"EntryPoint","urlTemplate":"https:\/\/furka-arch.ch\/?s={search_term_string}"},"query-input":{"@type":"PropertyValueSpecification","valueRequired":true,"valueName":"search_term_string"}}],"inLanguage":"de"},{"@type":"Organization","@id":"https:\/\/furka-arch.ch\/#organization","name":"FURKA Architektur GmbH","url":"https:\/\/furka-arch.ch\/","logo":{"@type":"ImageObject","inLanguage":"de","@id":"https:\/\/furka-arch.ch\/#\/schema\/logo\/image\/","url":"https:\/\/furka-arch.ch\/wp-content\/uploads\/2025\/06\/Logo-FURKA-gross-weiss-Tessin.jpg?v=1750237938","contentUrl":"https:\/\/furka-arch.ch\/wp-content\/uploads\/2025\/06\/Logo-FURKA-gross-weiss-Tessin.jpg?v=1750237938","width":1000,"height":1000,"caption":"FURKA Architektur GmbH"},"image":{"@id":"https:\/\/furka-arch.ch\/#\/schema\/logo\/image\/"}}]}</script>
<!-- / Yoast SEO plugin. -->

Impressum Verantwortlich für den Inhalt FURKA Architektur GmbH Fotos FURKA Architektur GmbH Haftungsausschluss Alle auf dieser Website veröffentlichten Informationen wurden sorgfältig auf ihre Richtigkeit geprüft. Fehler können jedoch trotz aller Sorgfalt nicht gänzlich ausgeschlossen werden. Eine Haftung für auf dieser Website veröffentlichte Inhalte kann nicht übernommen werden.&nbsp;Wir schliessen uneingeschränkt jede Haftung für Verluste bzw. Schäden [&hellip;]

Architekturbüro in Basel
